{"id":65,"date":"2026-02-19T20:52:52","date_gmt":"2026-02-19T19:52:52","guid":{"rendered":"https:\/\/v2.lycee-alfredcostes.fr\/index.php\/plan-du-site\/"},"modified":"2026-02-19T20:52:52","modified_gmt":"2026-02-19T19:52:52","slug":"plan-du-site","status":"publish","type":"page","link":"https:\/\/v2.lycee-alfredcostes.fr\/index.php\/plan-du-site\/","title":{"rendered":"Plan du Site"},"content":{"rendered":"\n<ul class=\"wp-block-list\">\n<li><a href=\"\/\">Accueil<\/a><\/li>\n<li><a href=\"\/actualites\/\">Actualit\u00e9s<\/a><\/li>\n<li><a href=\"\/formations\/\">Nos Formations<\/a>\n<ul>\n<li><a href=\"\/formations\/bts-erpc\/\">BTS ERPC<\/a><\/li>\n<li><a href=\"\/formations\/bac-pro-ama\/\">Bac Pro AMA<\/a><\/li>\n<li><a href=\"\/formations\/bac-pro-rpip\/\">Bac Pro RPIP<\/a><\/li>\n<\/ul>\n<\/li>\n<li><a href=\"\/vie-du-lycee\/\">Vie du Lyc\u00e9e<\/a><\/li>\n<li><a href=\"\/espace-eleves\/\">Espace \u00c9l\u00e8ves<\/a><\/li>\n<li><a href=\"\/les-entreprises\/\">Les Entreprises<\/a><\/li>\n<li><a href=\"\/mentions-legales\/\">Mentions L\u00e9gales<\/a><\/li>\n<li><a href=\"\/politique-confidentialite\/\">Politique de Confidentialit\u00e9<\/a><\/li>\n<\/ul>\n","protected":false},"excerpt":{"rendered":"<p>Accueil Actualit\u00e9s Nos Formations BTS ERPC Bac Pro AMA Bac Pro RPIP Vie du Lyc\u00e9e Espace \u00c9l\u00e8ves Les Entreprises Mentions L\u00e9gales Politique de Confidentialit\u00e9<\/p>\n","protected":false},"author":0,"featured_media":0,"parent":0,"menu_order":0,"comment_status":"closed","ping_status":"closed","template":"","meta":{"footnotes":""},"class_list":["post-65","page","type-page","status-publish","hentry"],"_links":{"self":[{"href":"https:\/\/v2.lycee-alfredcostes.fr\/index.php\/wp-json\/wp\/v2\/pages\/65","targetHints":{"allow":["GET"]}}],"collection":[{"href":"https:\/\/v2.lycee-alfredcostes.fr\/index.php\/wp-json\/wp\/v2\/pages"}],"about":[{"href":"https:\/\/v2.lycee-alfredcostes.fr\/index.php\/wp-json\/wp\/v2\/types\/page"}],"replies":[{"embeddable":true,"href":"https:\/\/v2.lycee-alfredcostes.fr\/index.php\/wp-json\/wp\/v2\/comments?post=65"}],"version-history":[{"count":0,"href":"https:\/\/v2.lycee-alfredcostes.fr\/index.php\/wp-json\/wp\/v2\/pages\/65\/revisions"}],"wp:attachment":[{"href":"https:\/\/v2.lycee-alfredcostes.fr\/index.php\/wp-json\/wp\/v2\/media?parent=65"}],"curies":[{"name":"wp","href":"https:\/\/api.w.org\/{rel}","templated":true}]}}

<ul class="wp-block-list">
<li><a href="/">Accueil</a></li>
<li><a href="/actualites/">Actualités</a></li>
<li><a href="/formations/">Nos Formations</a>
<ul>
<li><a href="/formations/bts-erpc/">BTS ERPC</a></li>
<li><a href="/formations/bac-pro-ama/">Bac Pro AMA</a></li>
<li><a href="/formations/bac-pro-rpip/">Bac Pro RPIP</a></li>
</ul>
</li>
<li><a href="/vie-du-lycee/">Vie du Lycée</a></li>
<li><a href="/espace-eleves/">Espace Élèves</a></li>
<li><a href="/les-entreprises/">Les Entreprises</a></li>
<li><a href="/mentions-legales/">Mentions Légales</a></li>
<li><a href="/politique-confidentialite/">Politique de Confidentialité</a></li>
</ul>

<p>Accueil Actualités Nos Formations BTS ERPC Bac Pro AMA Bac Pro RPIP Vie du Lycée Espace Élèves Les Entreprises Mentions Légales Politique de Confidentialité</p>
