{"id":8,"date":"2026-01-25T18:49:06","date_gmt":"2026-01-25T17:49:06","guid":{"rendered":"https:\/\/v2.lycee-alfredcostes.fr\/index.php\/formations\/industries-graphiques-et-plurimedia\/"},"modified":"2026-02-15T18:03:57","modified_gmt":"2026-02-15T17:03:57","slug":"industries-graphiques-et-plurimedia","status":"publish","type":"formation","link":"https:\/\/v2.lycee-alfredcostes.fr\/index.php\/formation\/industries-graphiques-et-plurimedia\/","title":{"rendered":"Industries Graphiques et Plurim\u00e9dia"},"content":{"rendered":"","protected":false},"excerpt":{"rendered":"<p>Seconde commune d\u00e9bouchant sur 3 BAC PRO : Productions Graphiques, Productions Imprim\u00e9es ou Fa\u00e7onnage.<\/p>\n","protected":false},"featured_media":34,"template":"","filiere":[4],"class_list":["post-8","formation","type-formation","status-publish","has-post-thumbnail","hentry","filiere-industrie"],"_links":{"self":[{"href":"https:\/\/v2.lycee-alfredcostes.fr\/index.php\/wp-json\/wp\/v2\/formation\/8","targetHints":{"allow":["GET"]}}],"collection":[{"href":"https:\/\/v2.lycee-alfredcostes.fr\/index.php\/wp-json\/wp\/v2\/formation"}],"about":[{"href":"https:\/\/v2.lycee-alfredcostes.fr\/index.php\/wp-json\/wp\/v2\/types\/formation"}],"wp:featuredmedia":[{"embeddable":true,"href":"https:\/\/v2.lycee-alfredcostes.fr\/index.php\/wp-json\/wp\/v2\/media\/34"}],"wp:attachment":[{"href":"https:\/\/v2.lycee-alfredcostes.fr\/index.php\/wp-json\/wp\/v2\/media?parent=8"}],"wp:term":[{"taxonomy":"filiere","embeddable":true,"href":"https:\/\/v2.lycee-alfredcostes.fr\/index.php\/wp-json\/wp\/v2\/filiere?post=8"}],"curies":[{"name":"wp","href":"https:\/\/api.w.org\/{rel}","templated":true}]}}

Industries Graphiques et Plurimédia

<p>Seconde commune débouchant sur 3 BAC PRO : Productions Graphiques, Productions Imprimées ou Façonnage.</p>
