{"id":7,"date":"2026-01-25T18:49:05","date_gmt":"2026-01-25T17:49:05","guid":{"rendered":"https:\/\/v2.lycee-alfredcostes.fr\/index.php\/formations\/communication-visuelle-plurimedia\/"},"modified":"2026-02-15T17:56:04","modified_gmt":"2026-02-15T16:56:04","slug":"communication-visuelle-plurimedia","status":"publish","type":"formation","link":"https:\/\/v2.lycee-alfredcostes.fr\/index.php\/formation\/communication-visuelle-plurimedia\/","title":{"rendered":"Communication Visuelle Plurim\u00e9dia"},"content":{"rendered":"","protected":false},"excerpt":{"rendered":"<p>Le BAC PRO AMA (Artisanat et M\u00e9tiers d&rsquo;Art) option CVPM forme aux techniques de cr\u00e9ation et de r\u00e9alisation de supports de communication visuelle po&#8230;<\/p>\n","protected":false},"featured_media":35,"template":"","filiere":[3],"class_list":["post-7","formation","type-formation","status-publish","has-post-thumbnail","hentry","filiere-communication"],"_links":{"self":[{"href":"https:\/\/v2.lycee-alfredcostes.fr\/index.php\/wp-json\/wp\/v2\/formation\/7","targetHints":{"allow":["GET"]}}],"collection":[{"href":"https:\/\/v2.lycee-alfredcostes.fr\/index.php\/wp-json\/wp\/v2\/formation"}],"about":[{"href":"https:\/\/v2.lycee-alfredcostes.fr\/index.php\/wp-json\/wp\/v2\/types\/formation"}],"wp:featuredmedia":[{"embeddable":true,"href":"https:\/\/v2.lycee-alfredcostes.fr\/index.php\/wp-json\/wp\/v2\/media\/35"}],"wp:attachment":[{"href":"https:\/\/v2.lycee-alfredcostes.fr\/index.php\/wp-json\/wp\/v2\/media?parent=7"}],"wp:term":[{"taxonomy":"filiere","embeddable":true,"href":"https:\/\/v2.lycee-alfredcostes.fr\/index.php\/wp-json\/wp\/v2\/filiere?post=7"}],"curies":[{"name":"wp","href":"https:\/\/api.w.org\/{rel}","templated":true}]}}

Communication Visuelle Plurimédia

<p>Le BAC PRO AMA (Artisanat et Métiers d&rsquo;Art) option CVPM forme aux techniques de création et de réalisation de supports de communication visuelle po&#8230;</p>
