{"id":36,"date":"2026-02-15T18:15:03","date_gmt":"2026-02-15T17:15:03","guid":{"rendered":"https:\/\/v2.lycee-alfredcostes.fr\/index.php\/formation\/fcil-scenographie\/"},"modified":"2026-02-15T18:15:03","modified_gmt":"2026-02-15T17:15:03","slug":"fcil-scenographie","status":"publish","type":"formation","link":"https:\/\/v2.lycee-alfredcostes.fr\/index.php\/formation\/fcil-scenographie\/","title":{"rendered":"FCIL Sc\u00e9nographie"},"content":{"rendered":"","protected":false},"excerpt":{"rendered":"<p>Une formation compl\u00e9mentaire d&rsquo;un an post-bac pour se sp\u00e9cialiser en sc\u00e9nographie de la communication et \u00e9v\u00e8nementielle.<\/p>\n","protected":false},"featured_media":37,"template":"","filiere":[3],"class_list":["post-36","formation","type-formation","status-publish","has-post-thumbnail","hentry","filiere-communication"],"_links":{"self":[{"href":"https:\/\/v2.lycee-alfredcostes.fr\/index.php\/wp-json\/wp\/v2\/formation\/36","targetHints":{"allow":["GET"]}}],"collection":[{"href":"https:\/\/v2.lycee-alfredcostes.fr\/index.php\/wp-json\/wp\/v2\/formation"}],"about":[{"href":"https:\/\/v2.lycee-alfredcostes.fr\/index.php\/wp-json\/wp\/v2\/types\/formation"}],"wp:featuredmedia":[{"embeddable":true,"href":"https:\/\/v2.lycee-alfredcostes.fr\/index.php\/wp-json\/wp\/v2\/media\/37"}],"wp:attachment":[{"href":"https:\/\/v2.lycee-alfredcostes.fr\/index.php\/wp-json\/wp\/v2\/media?parent=36"}],"wp:term":[{"taxonomy":"filiere","embeddable":true,"href":"https:\/\/v2.lycee-alfredcostes.fr\/index.php\/wp-json\/wp\/v2\/filiere?post=36"}],"curies":[{"name":"wp","href":"https:\/\/api.w.org\/{rel}","templated":true}]}}

FCIL Scénographie

<p>Une formation complémentaire d&rsquo;un an post-bac pour se spécialiser en scénographie de la communication et évènementielle.</p>
