{"id":12,"date":"2026-01-25T18:49:12","date_gmt":"2026-01-25T17:49:12","guid":{"rendered":"https:\/\/v2.lycee-alfredcostes.fr\/index.php\/formations\/troisieme-prepa-metiers\/"},"modified":"2026-02-15T18:10:55","modified_gmt":"2026-02-15T17:10:55","slug":"troisieme-prepa-metiers","status":"publish","type":"formation","link":"https:\/\/v2.lycee-alfredcostes.fr\/index.php\/formation\/troisieme-prepa-metiers\/","title":{"rendered":"Troisi\u00e8me Pr\u00e9pa-M\u00e9tiers"},"content":{"rendered":"","protected":false},"excerpt":{"rendered":"<p>Une classe de 3\u00e8me sp\u00e9cifique pour construire son orientation professionnelle et pr\u00e9parer le Brevet.<\/p>\n","protected":false},"featured_media":30,"template":"","filiere":[2],"class_list":["post-12","formation","type-formation","status-publish","has-post-thumbnail","hentry","filiere-orientation"],"_links":{"self":[{"href":"https:\/\/v2.lycee-alfredcostes.fr\/index.php\/wp-json\/wp\/v2\/formation\/12","targetHints":{"allow":["GET"]}}],"collection":[{"href":"https:\/\/v2.lycee-alfredcostes.fr\/index.php\/wp-json\/wp\/v2\/formation"}],"about":[{"href":"https:\/\/v2.lycee-alfredcostes.fr\/index.php\/wp-json\/wp\/v2\/types\/formation"}],"wp:featuredmedia":[{"embeddable":true,"href":"https:\/\/v2.lycee-alfredcostes.fr\/index.php\/wp-json\/wp\/v2\/media\/30"}],"wp:attachment":[{"href":"https:\/\/v2.lycee-alfredcostes.fr\/index.php\/wp-json\/wp\/v2\/media?parent=12"}],"wp:term":[{"taxonomy":"filiere","embeddable":true,"href":"https:\/\/v2.lycee-alfredcostes.fr\/index.php\/wp-json\/wp\/v2\/filiere?post=12"}],"curies":[{"name":"wp","href":"https:\/\/api.w.org\/{rel}","templated":true}]}}

Troisième Prépa-Métiers

<p>Une classe de 3ème spécifique pour construire son orientation professionnelle et préparer le Brevet.</p>
